{"id":381,"date":"2018-01-25T17:43:12","date_gmt":"2018-01-25T17:43:12","guid":{"rendered":"https:\/\/new.introlight.com.mx\/?page_id=381"},"modified":"2022-06-30T19:56:40","modified_gmt":"2022-06-30T19:56:40","slug":"contacto","status":"publish","type":"page","link":"https:\/\/new.introlight.mx\/?page_id=381","title":{"rendered":"Contact"},"content":{"rendered":"\t\t<div data-elementor-type=\"wp-post\" data-elementor-id=\"381\" class=\"elementor elementor-381\">\n\t\t\t\t\t\t<section class=\"elementor-section elementor-top-section elementor-element elementor-element-81bdad5 elementor-section-boxed elementor-section-height-default elementor-section-height-default\" data-id=\"81bdad5\" data-element_type=\"section\" data-e-type=\"section\">\n\t\t\t\t\t\t<div class=\"elementor-container elementor-column-gap-default\">\n\t\t\t\t\t<div class=\"elementor-column elementor-col-100 elementor-top-column elementor-element elementor-element-175b23e\" data-id=\"175b23e\" data-element_type=\"column\" data-e-type=\"column\">\n\t\t\t<div class=\"elementor-widget-wrap elementor-element-populated\">\n\t\t\t\t\t\t<section class=\"elementor-section elementor-inner-section elementor-element elementor-element-d14af36 elementor-section-boxed elementor-section-height-default elementor-section-height-default\" data-id=\"d14af36\" data-element_type=\"section\" data-e-type=\"section\">\n\t\t\t\t\t\t<div class=\"elementor-container elementor-column-gap-default\">\n\t\t\t\t\t<div class=\"elementor-column elementor-col-50 elementor-inner-column elementor-element elementor-element-d810fc1\" data-id=\"d810fc1\" data-element_type=\"column\" data-e-type=\"column\">\n\t\t\t<div class=\"elementor-widget-wrap elementor-element-populated\">\n\t\t\t\t\t\t<div class=\"elementor-element elementor-element-6c4a3d7 elementor-widget elementor-widget-html\" data-id=\"6c4a3d7\" data-element_type=\"widget\" data-e-type=\"widget\" data-widget_type=\"html.default\">\n\t\t\t\t<div class=\"elementor-widget-container\">\n\t\t\t\t\t<meta http-equiv=\"Content-Type\" content=\"text\/html;charset=UTF-8\"><form id=\"_vtigerWebForm\" name=\"Contacto pagina web\" action=\"https:\/\/introlight.mx\/vtigercrm\/modules\/Webforms\/capture.php\" method=\"post\" accept-charset=\"utf-8\" enctype=\"multipart\/form-data\"><input type=\"hidden\" name=\"vtrftk\" value=\"sid:6e51b3162d245a00c1cea0f1ddf42cf36c997dc7,1637176197\"><input type=\"hidden\" name=\"publicid\" value=\"53188a9d498fad1a88c1e21908137d74\"><input type=\"hidden\" name=\"urlencodeenable\" value=\"1\"><input type=\"hidden\" name=\"name\" value=\"Contacto pagina web\"><table><tbody><tr><td><label>Apellidos*<\/label><\/td><td><input type=\"text\" name=\"lastname\" data-label=\"\" value=\"\" required=\"\"><\/td><\/tr><tr><td><label>Nombre*<\/label><\/td><td><input type=\"text\" name=\"firstname\" data-label=\"\" value=\"\" required=\"\"><\/td><\/tr><tr><td><label>Especialidad<\/label><\/td><td><select name=\"cf_864\" data-label=\"label:Especialidad\"><option value=\"\">Seleccione el valor<\/option><option value=\"Acupuntura\">Acupuntura<\/option><option value=\"Cirugia Bucal\">Cirugia Bucal<\/option><option value=\"Cirugia Maxilo\">Cirugia Maxilo<\/option><option value=\"Cosmeatria\">Cosmeatria<\/option><option value=\"Dermatologia\">Dermatologia<\/option><option value=\"Distribuidor\">Distribuidor<\/option><option value=\"Endodoncia\">Endodoncia<\/option><option value=\"Flevologo\">Flevologo<\/option><option value=\"Implantologia\">Implantologia<\/option><option value=\"Medicina Estetica\">Medicina Estetica<\/option><option value=\"Medicina General\">Medicina General<\/option><option value=\"Odontologia General\">Odontologia General<\/option><option value=\"Odontopedriatria\">Odontopedriatria<\/option><option value=\"Ortodoncia\">Ortodoncia<\/option><option value=\"Ortopedia\">Ortopedia<\/option><option value=\"Periodoncia\">Periodoncia<\/option><option value=\"Podologia\">Podologia<\/option><option value=\"Protesis\">Protesis<\/option><option value=\"Rehabilitacion Dental\">Rehabilitacion Dental<\/option><option value=\"Rehabilitador Fisico\">Rehabilitador Fisico<\/option><option value=\"Variatra\">Variatra<\/option><option value=\"Veterinaria\">Veterinaria<\/option><\/select><\/td><\/tr><tr><td><label>Dir. Facebook*<\/label><\/td><td><input type=\"text\" name=\"cf_870\" data-label=\"\" value=\"\" required=\"\"><\/td><\/tr><tr><td><label>Tel. m\u00f3vil*<\/label><\/td><td><input type=\"text\" name=\"mobile\" data-label=\"\" value=\"\" required=\"\"><\/td><\/tr><tr><td><label>A que hora lo podemos contactar<\/label><\/td><td><input type=\"text\" name=\"cf_1026\" data-label=\"\" value=\"\"><\/td><\/tr><tr><td><label>Correo<\/label><\/td><td><input type=\"email\" name=\"email\" data-label=\"\" value=\"\"><\/td><\/tr><tr><td><label>Tiene Laser<\/label><\/td><td><select name=\"cf_882\" data-label=\"label:Tiene+Laser\"><option value=\"\">Seleccione el valor<\/option><option value=\"Si\">Si<\/option><option value=\"No\">No<\/option><\/select><\/td><\/tr><tr><td><label>Le interesa tomar cursos de laser ?<\/label><\/td><td><select name=\"cf_1074\" data-label=\"label:Le+interesa+tomar+cursos+de+laser+%3F\"><option value=\"\">Seleccione el valor<\/option><option value=\"Si\" selected=\"\">Si<\/option><option value=\"No\">No<\/option><\/select><\/td><\/tr><tr><td><label>\u00c1rea de inter\u00e9s.<\/label><\/td><td><select name=\"cf_1080[]\" data-label=\"label:%26Aacute%3Brea+de+inter%26eacute%3Bs.\" multiple=\"\" style=\"width: 60%;\"><option value=\"Ortodoncia\">Ortodoncia<\/option><option value=\"Periodoncia\">Periodoncia<\/option><option value=\"Implantologia\">Implantologia<\/option><option value=\"Cirugia\">Cirugia<\/option><option value=\"Endodoncia\">Endodoncia<\/option><option value=\"Estetica\">Estetica<\/option><option value=\"Rehabilitacion Fisica\">Rehabilitacion Fisica<\/option><option value=\"Podolog\u00eda\">Podolog\u00eda<\/option><option value=\"Veterinaria\">Veterinaria<\/option><\/select><\/td><\/tr><tr><td><label>Comentario.<\/label><\/td><td><textarea name=\"cf_1128\"><\/textarea><\/td><\/tr><tr><td><select name=\"leadsource\" data-label=\"leadsource\" hidden=\"\"><option value=\"\">Seleccione el valor<\/option><option value=\"Cold Call\">Llamada en fr\u00edo<\/option><option value=\"Cambaceo\">Cambaceo<\/option><option value=\"Campa\u00f1a\">Campa\u00f1a<\/option><option value=\"Campa\u00f1a Facebook\">Campa\u00f1a Facebook<\/option><option value=\"Self Generated\">Autogenerado<\/option><option value=\"Instagram\">Instagram<\/option><option value=\"Facebook\">Facebook<\/option><option value=\"Web Site\" selected=\"\">P\u00e1gina web<\/option><option value=\"Curso\">Curso<\/option><option value=\"Expo\">Expo<\/option><option value=\"Word of mouth\">Boca a boca<\/option><option value=\"Recomendado\">Recomendado<\/option><option value=\"Existing Customer\">Cliente existente<\/option><option value=\"Conference\">Conferencia<\/option><option value=\"Trade Show\">Feria comercial<\/option><option value=\"Direct Mail\">Correo directo<\/option><option value=\"Other\">Otro<\/option><option value=\"Employee\">Empleado<\/option><option value=\"Public Relations\">Relaciones p\u00fablicas<\/option><option value=\"Partner\">Socio<\/option><\/select><\/td><\/tr><tr><td><input type=\"hidden\" name=\"cf_1044\" data-label=\"\" value=\"0\"><input type=\"hidden\" name=\"cf_1044\" data-label=\"\" value=\"1\" checked=\"\"><\/td><\/tr><tr><td><select name=\"cf_1238\" data-label=\"label:Nos+contacto+por\" hidden=\"\"><option value=\"\">Seleccione el valor<\/option><option value=\"Pagina web Formulario\" selected=\"\">Pagina web Formulario<\/option><option value=\"Vtiger Formulario\">Vtiger Formulario<\/option><option value=\"Facebook Formulario\">Facebook Formulario<\/option><option value=\"Facebook Mesenger\">Facebook Mesenger<\/option><option value=\"Facebook Comentarios\">Facebook Comentarios<\/option><option value=\"Facebook Grupos\">Facebook Grupos<\/option><option value=\"Whatsapp\">Whatsapp<\/option><\/select><\/td><\/tr><\/tbody><\/table><input type=\"submit\" value=\"Enviar\"><\/form><script  type=\"text\/javascript\">window.onload = function() { var N=navigator.appName, ua=navigator.userAgent, tem;var M=ua.match(\/(opera|chrome|safari|firefox|msie)\\\/?\\s*(\\.?\\d+(\\.\\d+)*)\/i);if(M && (tem= ua.match(\/version\\\/([\\.\\d]+)\/i))!= null) M[2]= tem[1];M=M? [M[1], M[2]]: [N, navigator.appVersion, \"-?\"];var browserName = M[0];var form = document.getElementById(\"vtigerWebForm\"), inputs = form.elements; form.onsubmit = function() { var required = [], att, val; for (var i = 0; i < inputs.length; i++) { att = inputs[i].getAttribute(\"required\"); val = inputs[i].value; type = inputs[i].type; if(type == \"email\") {if(val != \"\") {var elemLabel = inputs[i].getAttribute(\"label\");var emailFilter = \/^[\/a-zA-Z0-9]+([!\"#$%&()*+,.\/:;<=>?\\^`{|}~-]?[a-zA-Z0-9\/\/-])@[a-zA-Z0-9]+([\\_\\-\\.]?[a-zA-Z0-9]+)\\.([\\-\\_]?[a-zA-Z0-9])+(\\.?[a-zA-Z0-9]+)?$\/;var illegalChars= \/[\\(\\)\\<\\>\\,\\;\\:\\\"\\[\\]]\/ ;if (!emailFilter.test(val)) {alert(\"For \"+ elemLabel +\" field please enter valid email address\"); return false;} else if (val.match(illegalChars)) {alert(elemLabel +\" field contains illegal characters\");return false;}}}if (att != null) { if (val.replace(\/^\\s+|\\s+$\/g, \"\") == \"\") { required.push(inputs[i].getAttribute(\"label\")); } } } if (required.length > 0) { alert(\"The following fields are required: \" + required.join()); return false; } var numberTypeInputs = document.querySelectorAll(\"input[type=number]\");for (var i = 0; i < numberTypeInputs.length; i++) { val = numberTypeInputs[i].value;var elemLabel = numberTypeInputs[i].getAttribute(\"label\");var elemDataType = numberTypeInputs[i].getAttribute(\"datatype\");if(val != \"\") {if(elemDataType == \"double\") {var numRegex = \/^[+-]?\\d+(\\.\\d+)?$\/;}else{var numRegex = \/^[+-]?\\d+$\/;}if (!numRegex.test(val)) {alert(\"For \"+ elemLabel +\" field please enter valid number\"); return false;}}}var dateTypeInputs = document.querySelectorAll(\"input[type=date]\");for (var i = 0; i < dateTypeInputs.length; i++) {dateVal = dateTypeInputs[i].value;var elemLabel = dateTypeInputs[i].getAttribute(\"label\");if(dateVal != \"\") {var dateRegex = \/^[1-9][0-9]{3}-(0[1-9]|1[0-2]|[1-9]{1})-(0[1-9]|[1-2][0-9]|3[0-1]|[1-9]{1})$\/;if(!dateRegex.test(dateVal)) {alert(\"For \"+ elemLabel +\" field please enter valid date in required format\"); return false;}}}var inputElems = document.getElementsByTagName(\"input\");var totalFileSize = 0;for(var i = 0; i < inputElems.length; i++) {if(inputElems[i].type.toLowerCase() === \"file\") {var file = inputElems[i].files[0];if(typeof file !== \"undefined\") {var totalFileSize = totalFileSize + file.size;}}}if(totalFileSize > 52428800) {alert(\"Maximum allowed file size including all files is 50MB.\");return false;}}; }<\/script>\t\t\t\t<\/div>\n\t\t\t\t<\/div>\n\t\t\t\t\t<\/div>\n\t\t<\/div>\n\t\t\t\t<div class=\"elementor-column elementor-col-50 elementor-inner-column elementor-element elementor-element-ee242fb\" data-id=\"ee242fb\" data-element_type=\"column\" data-e-type=\"column\">\n\t\t\t<div class=\"elementor-widget-wrap elementor-element-populated\">\n\t\t\t\t\t\t<div class=\"elementor-element elementor-element-5ea847b elementor-widget elementor-widget-image\" data-id=\"5ea847b\" data-element_type=\"widget\" data-e-type=\"widget\" data-widget_type=\"image.default\">\n\t\t\t\t<div class=\"elementor-widget-container\">\n\t\t\t\t\t\t\t\t\t\t\t\t\t\t\t<img fetchpriority=\"high\" decoding=\"async\" width=\"759\" height=\"1024\" src=\"https:\/\/new.introlight.mx\/wp-content\/uploads\/2021\/11\/T18-759x1024.jpg\" class=\"attachment-large size-large wp-image-10177\" alt=\"\" srcset=\"https:\/\/new.introlight.mx\/wp-content\/uploads\/2021\/11\/T18-759x1024.jpg 759w, https:\/\/new.introlight.mx\/wp-content\/uploads\/2021\/11\/T18-222x300.jpg 222w, https:\/\/new.introlight.mx\/wp-content\/uploads\/2021\/11\/T18-768x1036.jpg 768w, https:\/\/new.introlight.mx\/wp-content\/uploads\/2021\/11\/T18-1139x1536.jpg 1139w, https:\/\/new.introlight.mx\/wp-content\/uploads\/2021\/11\/T18-1518x2048.jpg 1518w, https:\/\/new.introlight.mx\/wp-content\/uploads\/2021\/11\/T18-scaled.jpg 1898w\" sizes=\"(max-width: 759px) 100vw, 759px\" \/>\t\t\t\t\t\t\t\t\t\t\t\t\t\t\t<\/div>\n\t\t\t\t<\/div>\n\t\t\t\t\t<\/div>\n\t\t<\/div>\n\t\t\t\t\t<\/div>\n\t\t<\/section>\n\t\t\t\t\t<\/div>\n\t\t<\/div>\n\t\t\t\t\t<\/div>\n\t\t<\/section>\n\t\t\t\t<\/div>\n\t\t","protected":false},"excerpt":{"rendered":"<p>Apellidos* Nombre* Especialidad Seleccione el valorAcupunturaCirugia BucalCirugia MaxiloCosmeatriaDermatologiaDistribuidorEndodonciaFlevologoImplantologiaMedicina EsteticaMedicina GeneralOdontologia GeneralOdontopedriatriaOrtodonciaOrtopediaPeriodonciaPodologiaProtesisRehabilitacion DentalRehabilitador FisicoVariatraVeterinaria Dir. Facebook* Tel. m\u00f3vil* A que hora lo podemos contactar Correo Tiene Laser Seleccione el valorSiNo Le interesa tomar cursos de laser ? Seleccione el valorSiNo \u00c1rea de inter\u00e9s. OrtodonciaPeriodonciaImplantologiaCirugiaEndodonciaEsteticaRehabilitacion FisicaPodolog\u00edaVeterinaria Comentario. Seleccione el valorLlamada en fr\u00edoCambaceoCampa\u00f1aCampa\u00f1a FacebookAutogeneradoInstagramFacebookP\u00e1gina webCursoExpoBoca a bocaRecomendadoCliente existenteConferenciaFeria [&hellip;]<\/p>\n","protected":false},"author":563447,"featured_media":0,"parent":0,"menu_order":0,"comment_status":"closed","ping_status":"closed","template":"","meta":{"_joinchat":[],"footnotes":""},"class_list":["post-381","page","type-page","status-publish","hentry"],"aioseo_notices":[],"_links":{"self":[{"href":"https:\/\/new.introlight.mx\/index.php?rest_route=\/wp\/v2\/pages\/381","targetHints":{"allow":["GET"]}}],"collection":[{"href":"https:\/\/new.introlight.mx\/index.php?rest_route=\/wp\/v2\/pages"}],"about":[{"href":"https:\/\/new.introlight.mx\/index.php?rest_route=\/wp\/v2\/types\/page"}],"author":[{"embeddable":true,"href":"https:\/\/new.introlight.mx\/index.php?rest_route=\/wp\/v2\/users\/563447"}],"replies":[{"embeddable":true,"href":"https:\/\/new.introlight.mx\/index.php?rest_route=%2Fwp%2Fv2%2Fcomments&post=381"}],"version-history":[{"count":55,"href":"https:\/\/new.introlight.mx\/index.php?rest_route=\/wp\/v2\/pages\/381\/revisions"}],"predecessor-version":[{"id":12937,"href":"https:\/\/new.introlight.mx\/index.php?rest_route=\/wp\/v2\/pages\/381\/revisions\/12937"}],"wp:attachment":[{"href":"https:\/\/new.introlight.mx\/index.php?rest_route=%2Fwp%2Fv2%2Fmedia&parent=381"}],"curies":[{"name":"wp","href":"https:\/\/api.w.org\/{rel}","templated":true}]}}