{"id":11718,"date":"2022-05-02T22:14:35","date_gmt":"2022-05-02T22:14:35","guid":{"rendered":"https:\/\/new.introlight.mx\/?page_id=11718"},"modified":"2022-05-02T23:06:46","modified_gmt":"2022-05-02T23:06:46","slug":"manual-de-usuario","status":"publish","type":"page","link":"https:\/\/new.introlight.mx\/?page_id=11718","title":{"rendered":"Manual de Usuario"},"content":{"rendered":"\t\t<div data-elementor-type=\"wp-page\" data-elementor-id=\"11718\" class=\"elementor elementor-11718\">\n\t\t\t\t\t\t<section class=\"elementor-section elementor-top-section elementor-element elementor-element-be79fc4 elementor-section-stretched elementor-section-boxed elementor-section-height-default elementor-section-height-default\" data-id=\"be79fc4\" data-element_type=\"section\" data-e-type=\"section\" data-settings=\"{&quot;stretch_section&quot;:&quot;section-stretched&quot;,&quot;background_background&quot;:&quot;classic&quot;}\">\n\t\t\t\t\t\t<div class=\"elementor-container elementor-column-gap-default\">\n\t\t\t\t\t<div class=\"elementor-column elementor-col-100 elementor-top-column elementor-element elementor-element-308b58a\" data-id=\"308b58a\" data-element_type=\"column\" data-e-type=\"column\">\n\t\t\t<div class=\"elementor-widget-wrap elementor-element-populated\">\n\t\t\t\t\t\t<div class=\"elementor-element elementor-element-262e61f elementor-widget elementor-widget-text-editor\" data-id=\"262e61f\" data-element_type=\"widget\" data-e-type=\"widget\" data-widget_type=\"text-editor.default\">\n\t\t\t\t<div class=\"elementor-widget-container\">\n\t\t\t\t\t\t\t\t\t<h4 style=\"text-align: center;\"><span style=\"color: #ffffff;\"><strong>MANUAL DE USUARIO<\/strong><\/span><\/h4>\t\t\t\t\t\t\t\t<\/div>\n\t\t\t\t<\/div>\n\t\t\t\t<div class=\"elementor-element elementor-element-965d2c3 elementor-widget elementor-widget-text-editor\" data-id=\"965d2c3\" data-element_type=\"widget\" data-e-type=\"widget\" data-widget_type=\"text-editor.default\">\n\t\t\t\t<div class=\"elementor-widget-container\">\n\t\t\t\t\t\t\t\t\t<p style=\"text-align: left;\"><span style=\"color: #ffffff;\"><strong>ACERCA DE LA APP.<\/strong><\/span><\/p>\n<p style=\"text-align: justify;\"><span style=\"color: #ffffff;\">El Color\u00edmetro digital de Introlight est\u00e1 dise\u00f1ado para facilitar la toma de color de un diente y mejorar la comunicaci\u00f3n entre el dentista y el laboratorio dental. As\u00ed como mejorar la comunicaci\u00f3n entre el dentista y el paciente como en el caso de su funci\u00f3n de blanqueamiento.<\/span><\/p>\n<p style=\"text-align: left;\"><span style=\"color: #ffffff;\">Su uso es muy sencillo.<\/span><\/p>\n<p style=\"text-align: justify;\"><span style=\"color: #ffffff;\"><strong>\u00a0<\/strong><\/span><\/p>\n<p style=\"text-align: justify;\"><span style=\"color: #ffffff;\"><strong>TOMA DE COLOR:<\/strong><\/span><\/p>\n<p style=\"text-align: justify;\"><span style=\"color: #ffffff;\">1-Coloquele a su paciente un retractar de carrillos.<\/span><\/p>\n<p style=\"text-align: justify;\"><span style=\"color: #ffffff;\">2.-Presione \u201cTOMA DE COLOR \u201c.<\/span><\/p>\n<p style=\"text-align: justify;\"><span style=\"color: #ffffff;\">3.-Tome un color\u00edmetro como referencia, por ejemplo, el Vita Clasic, p\u00eddale al paciente que lo coloque sobre su barbilla, sujet\u00e1ndolo con ambas manos\u00a0 ; de modo que quede paralelo al plano oclusor y en el mismo plano de sus dientes.<\/span><\/p>\n<p style=\"text-align: justify;\"><span style=\"color: #ffffff;\">4.- Coloque la c\u00e1mara de su tel\u00e9fono a unos 17cm (7\u201d) de distancia de la cara de su paciente\u00a0<\/span><span style=\"color: #ffffff;\">haciendo coincidir los dientes del color\u00edmetro dentro del recuadro, de modo que sobre cada diente coincida un punto rojo, (De preferencia en la zona incisal o media de los dientes del color\u00edmetro) y la cruz debe coincidir con el plano oclusal del paciente.<\/span><\/p>\n<p style=\"text-align: justify;\"><span style=\"color: #ffffff;\">5.-Incline un poco tanto el color\u00edmetro como la cara de su paciente hasta una posici\u00f3n en la que no existan reflejos; ni en el color\u00edmetro ni en los dientes de su paciente.<\/span><\/p>\t\t\t\t\t\t\t\t<\/div>\n\t\t\t\t<\/div>\n\t\t\t\t<div class=\"elementor-element elementor-element-f436f20 elementor-widget elementor-widget-text-editor\" data-id=\"f436f20\" data-element_type=\"widget\" data-e-type=\"widget\" data-widget_type=\"text-editor.default\">\n\t\t\t\t<div class=\"elementor-widget-container\">\n\t\t\t\t\t\t\t\t\t<p style=\"text-align: justify;\"><span style=\"color: #ffffff;\">6.- Presione el icono de la c\u00e1mara para tomar una foto<\/span><\/p>\n<p style=\"text-align: justify;\"><span style=\"color: #ffffff;\">7.- Verifique que los puntos rojos en la imagen del color\u00edmetro est\u00e9n sobre cada uno de los dientes del color\u00edmetro y presione \u00a0\u00a0(si no es as\u00ed; repita la fotograf\u00eda presionando )<\/span><\/p>\n<p style=\"text-align: justify;\"><span style=\"color: #ffffff;\">8.- Haga un zoom sobre el diente al cual desea tomar el color, centr\u00e1ndolo en el recuadro punteado (Presione \u201cSiguiente)<\/span><\/p>\n<p style=\"text-align: justify;\"><span style=\"color: #ffffff;\">9.- Le pedir\u00e1 que tome el color del tercio Medio; Simplemente toque la zona del diente en la zona del tercio medio (seleccione la zona con el color m\u00e1s homog\u00e9neo, evitando manchas, zonas con reflejo o brillo excesivo) y Presione \u201cSiguiente\u201d<\/span><\/p>\n<p style=\"text-align: justify;\"><span style=\"color: #ffffff;\">10.- Le pedir\u00e1 que tome el color del tercio cervical; Simplemente toque la zona del diente en la zona del tercio cervical (seleccione la zona con el color m\u00e1s homog\u00e9neo, evitando manchas, zonas con reflejo o brillo excesivo) y Presione \u201cSiguiente\u201d<\/span><\/p>\n<p style=\"text-align: justify;\"><span style=\"color: #ffffff;\">11.- Le pedir\u00e1 que tome el color del tercio incisal; Simplemente toque la zona del diente en la zona del tercio incisal (seleccione la zona con el color m\u00e1s homog\u00e9neo, evitando manchas, zonas con reflejo o brillo excesivo) y Presione \u201cSiguiente\u201d.<\/span><\/p>\n<p style=\"text-align: justify;\"><span style=\"color: #ffffff;\">12.- Presione \u201cProcesar\u201d.<\/span><\/p>\n<p style=\"text-align: justify;\"><span style=\"color: #ffffff;\">13.-\u00a0 Llene la orden de trabajo y env\u00edela a su laboratorio.<\/span><\/p>\t\t\t\t\t\t\t\t<\/div>\n\t\t\t\t<\/div>\n\t\t\t\t\t<\/div>\n\t\t<\/div>\n\t\t\t\t\t<\/div>\n\t\t<\/section>\n\t\t\t\t<section class=\"elementor-section elementor-top-section elementor-element elementor-element-8618566 elementor-section-stretched elementor-section-boxed elementor-section-height-default elementor-section-height-default\" data-id=\"8618566\" data-element_type=\"section\" data-e-type=\"section\" data-settings=\"{&quot;stretch_section&quot;:&quot;section-stretched&quot;,&quot;background_background&quot;:&quot;classic&quot;}\">\n\t\t\t\t\t\t<div class=\"elementor-container elementor-column-gap-default\">\n\t\t\t\t\t<div class=\"elementor-column elementor-col-100 elementor-top-column elementor-element elementor-element-e634be4\" data-id=\"e634be4\" data-element_type=\"column\" data-e-type=\"column\">\n\t\t\t<div class=\"elementor-widget-wrap elementor-element-populated\">\n\t\t\t\t\t\t<div class=\"elementor-element elementor-element-72bd6b8 elementor-widget elementor-widget-text-editor\" data-id=\"72bd6b8\" data-element_type=\"widget\" data-e-type=\"widget\" data-widget_type=\"text-editor.default\">\n\t\t\t\t<div class=\"elementor-widget-container\">\n\t\t\t\t\t\t\t\t\t<p style=\"text-align: justify;\"><span style=\"color: #ffffff;\"><strong>BLANQUEAMIENTO:<\/strong><\/span><\/p><p style=\"text-align: justify;\"><span style=\"color: #ffffff;\">Esta funci\u00f3n le ser\u00e1 \u00fatil para registrar el color con el que llego el paciente y el tono que se obtuvo posterior al tratamiento de Blanqueamiento, le permitir\u00e1 conservar un registro fotogr\u00e1fico del antes y el despu\u00e9s del tratamiento, lo que mejora la comunicaci\u00f3n con el paciente<\/span><\/p><p style=\"text-align: left;\"><span style=\"color: #ffffff;\">1.-Presione \u201cBLANQUEAMIENTO \u201c<\/span><\/p><p style=\"text-align: justify;\"><span style=\"color: #ffffff;\">2.- Presione \u201cTono Inicial\u201d<\/span><\/p><p style=\"text-align: justify;\"><span style=\"color: #ffffff;\">3.-Tome un color\u00edmetro como referencia, por ejemplo, el Vita Clasic,\u00a0\u00a0 p\u00eddale al paciente que lo coloque sobre su barbilla, sujet\u00e1ndolo con ambas manos\u00a0 ; de modo que quede paralelo al plano oclusor y en el mismo plano de sus dientes<\/span><\/p><p style=\"text-align: justify;\"><span style=\"color: #ffffff;\">4.- Coloque la c\u00e1mara de su tel\u00e9fono a unos 17cm (7\u201d) de distancia de la cara de su paciente<\/span><\/p><p style=\"text-align: left;\"><span style=\"color: #ffffff;\">\u00a0haciendo coincidir los dientes del color\u00edmetro dentro del recuadro, de modo que sobre cada diente coincida un punto rojo, (De preferencia en la zona incisal o media de los dientes del color\u00edmetro) y la cruz debe coincidir con el plano oclusal del paciente<\/span><\/p><p style=\"text-align: justify;\"><span style=\"color: #ffffff;\">5.-Incline un poco tanto el color\u00edmetro como la cara de su paciente hasta una posici\u00f3n en la que no existan reflejos; ni en el color\u00edmetro ni en los dientes de su paciente<\/span><\/p><p style=\"text-align: justify;\"><span style=\"color: #ffffff;\">6.-Presione el icono de la c\u00e1mara para tomar una foto<\/span><\/p><p style=\"text-align: justify;\"><span style=\"color: #ffffff;\">7.-Verifique que los puntos rojos en la imagen del color\u00edmetro est\u00e9n sobre cada uno de los dientes del color\u00edmetro y presione \u00a0\u00a0(si no es as\u00ed; repita la fotograf\u00eda presionando)<\/span><\/p><p style=\"text-align: justify;\"><span style=\"color: #ffffff;\">8.- Haga un zoom sobre el diente al cual desea tomar el color como referencia, centr\u00e1ndolo en el recuadro punteado (Presione \u201cSiguiente)<\/span><\/p><p style=\"text-align: justify;\"><span style=\"color: #ffffff;\">9.-Le pedir\u00e1 que tome el color del diente de referencia; Simplemente toque la zona del diente (seleccione la zona con el color m\u00e1s homog\u00e9neo, evitando manchas, zonas con reflejo o brillo excesivo) y Presione \u201cSiguiente\u201d<\/span><\/p><p style=\"text-align: justify;\"><span style=\"color: #ffffff;\">10.- Realice el blanqueamiento<\/span><\/p><p style=\"text-align: justify;\"><span style=\"color: #ffffff;\">11.- Presione \u201cTono Final\u201d<\/span><\/p><p style=\"text-align: justify;\"><span style=\"color: #ffffff;\">12.-Repita los pasos del 3 al 9 y Presione \u201cSiguiente<\/span><\/p><p><span style=\"color: #ffffff;\">*****<\/span><\/p>\t\t\t\t\t\t\t\t<\/div>\n\t\t\t\t<\/div>\n\t\t\t\t\t<\/div>\n\t\t<\/div>\n\t\t\t\t\t<\/div>\n\t\t<\/section>\n\t\t\t\t<section class=\"elementor-section elementor-top-section elementor-element elementor-element-f08e7fd elementor-section-stretched elementor-section-boxed elementor-section-height-default elementor-section-height-default\" data-id=\"f08e7fd\" data-element_type=\"section\" data-e-type=\"section\" data-settings=\"{&quot;stretch_section&quot;:&quot;section-stretched&quot;,&quot;background_background&quot;:&quot;classic&quot;}\">\n\t\t\t\t\t\t<div class=\"elementor-container elementor-column-gap-default\">\n\t\t\t\t\t<div class=\"elementor-column elementor-col-100 elementor-top-column elementor-element elementor-element-0936abf\" data-id=\"0936abf\" data-element_type=\"column\" data-e-type=\"column\">\n\t\t\t<div class=\"elementor-widget-wrap elementor-element-populated\">\n\t\t\t\t\t\t<div class=\"elementor-element elementor-element-eae49a2 elementor-widget elementor-widget-text-editor\" data-id=\"eae49a2\" data-element_type=\"widget\" data-e-type=\"widget\" data-widget_type=\"text-editor.default\">\n\t\t\t\t<div class=\"elementor-widget-container\">\n\t\t\t\t\t\t\t\t\t<p style=\"text-align: justify;\"><span style=\"color: #ffffff;\"><strong>PARA QUE LAS TOMAS DE COLOR SEAN LO M\u00c1S CONFIABLES POSIBLES TOME ESTAS PRECAUCIONES <\/strong><\/span><\/p>\n<p style=\"text-align: justify;\"><span style=\"color: #ffffff;\">-Verifique que los dientes del color\u00edmetro en el caso de Vita est\u00e9n acomodados en el siguiente orden.<\/span><\/p>\n<p style=\"text-align: justify;\"><span style=\"color: #ffffff;\">&#8211; Cuando tome la fotograf\u00eda coloque el color\u00edmetro en un \u00e1ngulo tal que no genere reflejos.<\/span><\/p>\n<p style=\"text-align: justify;\"><span style=\"color: #ffffff;\">\u00a0-Cuando seleccione la zona, seleccione una zona que presente el color m\u00e1s homog\u00e9neo: <strong>EVITE TOMAR COMO REFERENCIA ZONAS CON ALGUNA MANCHA, FACETA, DESCALCIFICACI\u00d3N, BRILLO O REFLEJO EXCESIVO<\/strong> si el diente presenta alguna de esas anomal\u00edas, descr\u00edbalas en el \u00e1rea de observaciones de la orden de trabajo.<\/span><\/p>\t\t\t\t\t\t\t\t<\/div>\n\t\t\t\t<\/div>\n\t\t\t\t\t<\/div>\n\t\t<\/div>\n\t\t\t\t\t<\/div>\n\t\t<\/section>\n\t\t\t\t<\/div>\n\t\t","protected":false},"excerpt":{"rendered":"<p>MANUAL DE USUARIO ACERCA DE LA APP. El Color\u00edmetro digital de Introlight est\u00e1 dise\u00f1ado para facilitar la toma de color de un diente y mejorar la comunicaci\u00f3n entre el dentista y el laboratorio dental. As\u00ed como mejorar la comunicaci\u00f3n entre el dentista y el paciente como en el caso de su funci\u00f3n de blanqueamiento. Su [&hellip;]<\/p>\n","protected":false},"author":563447,"featured_media":0,"parent":0,"menu_order":0,"comment_status":"closed","ping_status":"closed","template":"","meta":{"_joinchat":[],"footnotes":""},"class_list":["post-11718","page","type-page","status-publish","hentry"],"aioseo_notices":[],"_links":{"self":[{"href":"https:\/\/new.introlight.mx\/index.php?rest_route=\/wp\/v2\/pages\/11718","targetHints":{"allow":["GET"]}}],"collection":[{"href":"https:\/\/new.introlight.mx\/index.php?rest_route=\/wp\/v2\/pages"}],"about":[{"href":"https:\/\/new.introlight.mx\/index.php?rest_route=\/wp\/v2\/types\/page"}],"author":[{"embeddable":true,"href":"https:\/\/new.introlight.mx\/index.php?rest_route=\/wp\/v2\/users\/563447"}],"replies":[{"embeddable":true,"href":"https:\/\/new.introlight.mx\/index.php?rest_route=%2Fwp%2Fv2%2Fcomments&post=11718"}],"version-history":[{"count":43,"href":"https:\/\/new.introlight.mx\/index.php?rest_route=\/wp\/v2\/pages\/11718\/revisions"}],"predecessor-version":[{"id":11774,"href":"https:\/\/new.introlight.mx\/index.php?rest_route=\/wp\/v2\/pages\/11718\/revisions\/11774"}],"wp:attachment":[{"href":"https:\/\/new.introlight.mx\/index.php?rest_route=%2Fwp%2Fv2%2Fmedia&parent=11718"}],"curies":[{"name":"wp","href":"https:\/\/api.w.org\/{rel}","templated":true}]}}